0 is divided by 82.
72
What is the remainder when 243 is divided by 82?
79
What is the remainder when 1038 is divided by 56?
30
What is the remainder when 5887 is divided by 10?
7
Calculate the remainder when 1088 is divided by 542.
4
Calculate the remainder when 3931 is divided by 196.
11
Calculate the remainder when 645 is divided by 98.
57
What is the remainder when 331 is divided by 76?
27
Calculate the remainder when 64 is divided by 4.
0
Calculate the remainder when 1041 is divided by 340.
21
Calculate the remainder when 510 is divided by 9.
6
Calculate the remainder when 7138 is divided by 37.
34
What is the remainder when 60 is divided by 31?
29
What is the remainder when 608 is divided by 12?
8
Calculate the remainder when 688 is divided by 30.
28
Calculate the remainder when 517 is divided by 254.
9
What is the remainder when 59 is divided by 30?
29
What is the remainder when 131 is divided by 58?
15
What is the remainder when 364 is divided by 29?
16
What is the remainder when 1733 is divided by 345?
8
Calculate the remainder when 85 is divided by 22.
19
Calculate the remainder when 98 is divided by 18.
8
Calculate the remainder when 146 is divided by 38.
32
What is the remainder when 247 is divided by 131?
116
Calculate the remainder when 812 is divided by 22.
20
Calculate the remainder when 416 is divided by 212.
204
What is the remainder when 189 is divided by 158?
31
Calculate the remainder when 296 is divided by 27.
26
What is the remainder when 1279 is divided by 235?
104
What is the remainder when 1270 is divided by 40?
30
Calculate the remainder when 1415 is divided by 13.
11
What is the remainder when 583 is divided by 20?
3
Calculate the remainder when 153 is divided by 45.
18
What is the remainder when 772 is divided by 19?
12
What is the remainder when 80 is divided by 24?
8
What is the remainder when 125 is divided by 28?
13
What is the remainder when 8376 is divided by 133?
130
Calculate the remainder when 126 is divided by 29.
10
What is the remainder when 1259 is divided by 18?
17
What is the remainder when 2059 is divided by 69?
58
Calculate the remainder when 67 is divided by 20.
7
What is the remainder when 3406 is divided by 62?
58
What is the remainder when 423 is divided by 204?
15
Calculate the remainder when 5239 is divided by 46.
41
What is the remainder when 201 is divided by 35?
26
What is the remainder when 213 is divided by 190?
23
What is the remainder when 801 is divided by 237?
90
Calculate the remainder when 437 is divided by 165.
107
What is the remainder when 18 is divided by 10?
8
What is the remainder when 729 is divided by 82?
73
What is the remainder when 1300 is divided by 241?
95
What is the remainder when 794 is divided by 32?
26
What is the remainder when 1154 is divided by 193?
189
What is the remainder when 1335 is divided by 1317?
18
What is the remainder when 5276 is divided by 30?
26
What is the remainder when 3910 is divided by 975?
10
Calculate the remainder when 1239 is divided by 354.
177
What is the remainder when 801 is divided by 5?
1
What is the remainder when 5342 is divided by 356?
2
Calculate the remainder when 183 is divided by 39.
27
Calculate the remainder when 653 is divided by 253.
147
Calculate the remainder when 1592 is divided by 160.
152
What is the remainder when 8573 is divided by 2139?
17
Calculate the remainder when 1773 is divided by 293.
15
Calculate the remainder when 1829 is divided by 36.
29
Calculate the remainder when 592 is divided by 99.
97
Calculate the remainder when 217 is divided by 57.
46
Calculate the remainder when 103 is divided by 21.
19
What is the remainder when 579 is divided by 37?
24
What is the remainder when 824 is divided by 92?
88
Calculate the remainder when 202 is divided by 20.
2
What is the remainder when 119 is divided by 115?
4
Calculate the remainder when 60 is divided by 43.
17
Calculate the remainder when 779 is divided by 11.
9
What is the remainder when 1063 is divided by 41?
38
What is the remainder when 125 is divided by 63?
62
What is the remainder when 5697 is divided by 7?
6
Calculate the remainder when 481 is divided by 88.
41
What is the remainder when 7019 is divided by 36?
35
What is the remainder when 448 is divided by 135?
43
What is the remainder when 14 is divided by 12?
2
What is the remainder when 3880 is divided by 54?
46
Calculate the remainder when 66 is divided by 11.
0
Calculate the remainder when 444 is divided by 7.
3
What is the remainder when 134 is divided by 46?
42
Calculate the remainder when 242 is divided by 36.
26
Calculate the remainder when 979 is divided by 199.
183
Calculate the remainder when 249 is divided by 16.
9
What is the remainder when 150 is divided by 20?
10
Calculate the remainder when 858 is divided by 329.
200
What is the remainder when 537 is divided by 49?
47
What is the remainder when 306 is divided by 44?
42
Calculate the remainder when 2642 is divided by 63.
59
Calculate the remainder when 360 is divided by 115.
15
What is the remainder when 349 is divided by 77?
41
What is the remainder when 179 is divided by 7?
4
What is the remainder when 2390 is divided by 1191?
8
Calculate the remainder when 669 is divided by 11.
9
Calculate the remainder when 3028 is divided by 24.
4
Calculate the remainder when 311 is divided by 26.
25
Calculate the remainder when 136 is divided by 21.
10
What is the remainder when 236 is divided by 28?
12
What is the remainder when 5620 is divided by 1871?
7
Calculate the remainder when 251 is divided by 63.
62
What is the remainder when 650 is divided by 78?
26
What is the remainder when 337 is divided by 86?
79
Calculate the remainder when 396 is divided by 83.
64
What is the remainder when 2161 is divided by 705?
46
Calculate the remainder when 689 is divided by 58.
51
Calculate the remainder when 192 is divided by 18.
12
Calculate the remainder when 10537 is divided by 31.
28
What is the remainder when 732 is divided by 15?
12
What is the remainder when 188 is divided by 43?
16
Calculate the remainder when 100 is divided by 45.
10
Calculate the remainder when 273 is divided by 6.
3
What is the remainder when 1670 is divided by 19?
17
Calculate the remainder when 7918 is divided by 42.
22
What is the remainder when 816 is divided by 408?
0
What is the remainder when 18 is divided by 5?
3
What is the remainder when 765 is divided by 109?
2
What is the remainder when 1438 is divided by 47?
28
Calculate the remainder when 135 is divided by 95.
40
What is the remainder when 87 is divided by 31?
25
Calculate the remainder when 48 is divided by 15.
3
What is the remainder when 2249 is divided by 1103?
43
What is the remainder when 56 is divided by 20?
16
Calculate the remainder when 1448 is divided by 288.
8
Calculate the remainder when 1519 is divided by 38.
37
Calculate the remainder when 305 is divided by 210.
95
What is the remainder when 64 is divided by 24?
16
Calculate the remainder when 13 is divided by 12.
1
What is the remainder when 318 is divided by 81?
75
Calculate the remainder when 33478 is divided by 62.
60
What is the remainder when 57 is divided by 15?
12
Calculate the remainder when 5490 is divided by 323.
322
Calculate the remainder when 24106 is divided by 42.
40
What is the remainder when 3211 is divided by 7?
5
What is the remainder when 32 is divided by 14?
4
What is the remainder when 1536 is divided by 110?
106
What is the remainder when 77 is divided by 56?
21
What is the remainder when 165 is divided by 7?
4
Calculate the remainder when 147 is divided by 23.
9
What is the remainder when 931 is divided by 72?
67
What is the remainder when 6038 is divided by 466?
446
Calculate the remainder when 3324 is divided by 303.
294
Calculate the remainder when 150 is divided by 20.
10
What is the remainder when 28 is divided by 27?
1
Calculate the remainder when 116 is divided by 3.
2
What is the remainder when 177 is divided by 56?
9
What is the remainder when 309 is divided by 90?
39
Calculate the remainder when 948 is divided by 72.
12
What is the remainder when 1856 is divided by 28?
8
What is the remainder when 87 is divided by 38?
11
Calculate the remainder when 564 is divided by 80.
4
Calculate the remainder when 860 is div